ist the prime factors of 740761403.
2017, 367259
What are the prime factors of 884090347?
7, 193, 654397
What are the prime factors of 2857973002?
2, 5981, 238921
What are the prime factors of 773262273?
3, 7, 239, 154067
List the prime factors of 2643520855.
5, 528704171
What are the prime factors of 107555326?
2, 53777663
What are the prime factors of 318386822?
2, 13, 151, 81097
What are the prime factors of 77560599?
3, 25853533
What are the prime factors of 705259789?
13, 73, 743161
List the prime factors of 2141574473.
17, 1471, 85639
List the prime factors of 15339602.
2, 197, 38933
What are the prime factors of 46233341?
7, 11, 600433
What are the prime factors of 10465922?
2, 19, 275419
List the prime factors of 98082285.
3, 5, 7, 934117
List the prime factors of 114435751.
59, 107, 18127
What are the prime factors of 20899562?
2, 17, 614693
What are the prime factors of 41692866?
2, 3, 577, 12043
What are the prime factors of 755465356?
2, 191, 988829
What are the prime factors of 78189282?
2, 3, 23, 188863
What are the prime factors of 96415495?
5, 11, 173, 10133
What are the prime factors of 110522745?
3, 5, 818687
List the prime factors of 1547682413.
911, 1698883
What are the prime factors of 1857124724?
2, 7, 13, 47, 108553
List the prime factors of 2064899868.
2, 3, 172074989
What are the prime factors of 423705969?
3, 47078441
What are the prime factors of 191710940?
2, 5, 9585547
List the prime factors of 467887979.
13, 35991383
List the prime factors of 401251957.
401251957
List the prime factors of 1460241372.
2, 3, 53, 79, 29063
What are the prime factors of 1774999308?
2, 3, 17, 1543, 5639
What are the prime factors of 3003934420?
2, 5, 43, 557, 6271
List the prime factors of 7476478.
2, 47, 79537
List the prime factors of 459388785.
3, 5, 257, 269, 443
List the prime factors of 158406065.
5, 37, 856249
List the prime factors of 5213601716.
2, 257, 5071597
List the prime factors of 70687322.
2, 35343661
List the prime factors of 912726.
2, 3, 50707
What are the prime factors of 1518954030?
2, 3, 5, 11, 53, 28949
What are the prime factors of 135948190?
2, 5, 7, 83, 23399
List the prime factors of 12116423.
11, 23, 83, 577
What are the prime factors of 583551398?
2, 29, 346939
List the prime factors of 39562906.
2, 151, 269, 487
List the prime factors of 53993441.
71, 349, 2179
What are the prime factors of 9624250?
2, 5, 137, 281
What are the prime factors of 871681002?
2, 3, 23, 31, 37, 5507
List the prime factors of 748764.
2, 3, 2311
List the prime factors of 213711541.
213711541
List the prime factors of 208073819.
137, 1171, 1297
List the prime factors of 16221535.
5, 11, 19, 43
List the prime factors of 459749162.
2, 23, 2339, 4273
List the prime factors of 1168291194.
2, 3, 7, 67, 415171
What are the prime factors of 57676851?
3, 431, 14869
What are the prime factors of 193321168?
2, 12082573
What are the prime factors of 1615459717?
23, 70237379
What are the prime factors of 519790371?
3, 109, 1589573
List the prime factors of 331064217.
3, 11, 41, 81563
What are the prime factors of 74593433?
17, 43, 102043
List the prime factors of 51229551.
3, 17, 1004501
List the prime factors of 57154096.
2, 3572131
List the prime factors of 528200438.
2, 17, 53, 157, 1867
List the prime factors of 2964445519.
7, 1427, 296771
List the prime factors of 87860749.
29, 163, 18587
List the prime factors of 52716838.
2, 29, 908911
List the prime factors of 3322482693.
3, 401, 2761831
List the prime factors of 13768579.
11, 41, 30529
List the prime factors of 333469141.
1783, 187027
List the prime factors of 78570609.
3, 13, 389, 5179
What are the prime factors of 31346877?
3, 59, 177101
What are the prime factors of 397907399?
397907399
What are the prime factors of 161104778?
2, 97, 113, 7349
List the prime factors of 50532800.
2, 5, 31583
List the prime factors of 250285211.
11, 2039, 11159
What are the prime factors of 400751842?
2, 5939, 33739
What are the prime factors of 68209018?
2, 373, 91433
What are the prime factors of 56085539?
263, 213253
List the prime factors of 19206496.
2, 600203
List the prime factors of 1558885872.
2, 3, 32476789
List the prime factors of 61429121.
13, 4725317
What are the prime factors of 92770558?
2, 173, 268123
List the prime factors of 55418772.
2, 3, 4618231
List the prime factors of 154321559.
7, 23, 958519
What are the prime factors of 4187106809?
2551, 1641359
List the prime factors of 1094187728.
2, 17, 4022749
What are the prime factors of 1138524638?
2, 569262319
List the prime factors of 946230827.
21713, 43579
List the prime factors of 261762259.
11, 19, 1252451
What are the prime factors of 7960263145?
5, 1592052629
What are the prime factors of 2843174009?
13, 3889, 56237
List the prime factors of 17593728.
2, 3, 45817
List the prime factors of 1732744942.
2, 43, 677, 29761
What are the prime factors of 52008725?
5, 2080349
What are the prime factors of 599355927?
3, 17, 61, 149, 431
What are the prime factors of 1649917470?
2, 3, 5, 54997249
List the prime factors of 1671634.
2, 835817
What are the prime factors of 1844162904?
2, 3, 76840121
What are the prime factors of 87731355?
3, 5, 131, 44647
List the prime factors of 431121834.
2, 3, 11, 13, 167491
What are the prime factors of 287844350?
2, 5, 5756887
What are the prime factors of 387561185?
5, 11, 113, 5669
What are the prime factors of 227007255?
3, 5, 281, 53857
List the prime factors of 225479690.
2, 5, 22547969
What are the prime factors of 144335444?
2, 11, 419, 7829
List the prime factors of 60890969.
60890969
What are the prime factors of 2516627908?
2, 101, 1051, 5927
What are the prime factors of 1312893675?
3, 5, 1549, 3767
What are the prime factors of 2207878570?
2, 5, 17, 79, 2081
What are the prime factors of 760545322?
2, 239, 1591099
What are the prime factors of 95708206?
2, 11, 19, 101, 2267
What are the prime factors of 86624741?
7, 17, 727939
List the prime factors of 30668364.
2, 3, 851899
What are the prime factors of 238265478?
2, 3, 11, 1203361
What are the prime factors of 337832685?
3, 5, 73, 102841
List the prime factors of 953818793.
41, 53, 438941
List the prime factors of 119802555.
3, 5, 163, 16333
List the prime factors of 37307175.
3, 5, 59, 8431
What are the prime factors of 1262755918?
2, 14081, 44839
List the prime factors of 25032254.
2, 13, 962779
What are the prime factors of 420854050?
2, 5, 8417081
What are the prime factors of 817994561?
29, 2341, 12049
What are the prime factors of 141969273?
3, 19, 43, 57923
List the prime factors of 66706704.
2, 3, 149, 3109
List the prime factors of 980794119.
3, 103, 3174091
List the prime factors of 198391175.
5, 29, 273643
List the prime factors of 122981612.
2, 13, 61, 137, 283
What are the prime factors of 697038971?
173, 4029127
List the prime factors of 332176642.
2, 7, 373, 63611
What are the prime factors of 2371766404?
2, 7, 12100849
List the prime factors of 2045660489.
4457, 458977
List the prime factors of 183964354.
2, 7, 31, 83, 5107
What are the prime factors of 93415234?
2, 11, 4246147
What are the prime factors of 51252495?
3, 5, 7, 488119
What are the prime factors of 462389834?
2, 17, 13599701
What are the prime factors of 148424882?
2, 74212441
List the prime factors of 623371755.
3, 5, 167, 248851
List the prime factors of 185833480.
2, 5, 7, 59, 1607
List the prime factors of 1701947070.
2, 3, 5, 29, 652087
What are the prime factors of 179165919?
3, 3833, 15581
List the prime factors of 505471725.
3, 5, 11, 19, 3583
List the prime factors of 414475378.
2, 207237689
List the prime factors of 1005605004.
2, 3, 659, 127163
What are the prime factors of 67132549?
11, 107, 57037
List the prime factors of 66659980.
2, 5, 19, 23, 29, 263
What are the prime factors of 37729021?
11, 449, 7639
What are the prime factors of 652796219?
41, 15921859
What are the prime factors of 68688928?
2, 7, 11, 61, 457
What are the prime factors of 28752879?
3, 499, 19207
What are the prime factors of 29916555?
3, 5, 1994437
What are the prime factors of 58362373?
89, 655757
List the prime factors of 54005789.
107, 504727
What are the prime factors of 405649495?
5, 17, 109, 43783
List the prime factors of 736620171.
3, 7, 31, 1013, 1117
What